 -2) - -3)?
22
What is 62 + -3 + 7 + (-121 - 31) + 147?
61
Evaluate -8 + 4 - ((-4 - -2) + 46 + -43 + -9).
4
What is the value of (4 - (-14 + 5 + 12)) + (37 + 7 - -2)?
47
What is (1 - 31 - 7) + 24?
-13
Evaluate 5 - -2 - -3 - (-4 - -10 - (0 - 27)).
-23
Calculate 113 - -77 - 133 - -43.
100
What is 3 + -34 + 18 + -11 + -10 + 5?
-29
What is -10 + -30 - (7 - (38 + -19))?
-28
What is the value of (-45 - -12) + 15 + 29 + -17 + 0?
-6
-1239 - -1245 - (3 - (0 - (-13 - 2)))
18
10 - 2 - (71 + -47) - (-84 + -2)
70
Evaluate (2 - 33) + 18 + 10 + -4 + -24 + -11.
-42
-48 + 44 + -81 - (8 - -5)
-98
Calculate (-19 - -23) + -20 + (-41 - -136).
79
(-590 - -616) + (11 - 13 - (0 - (1 - 1)))
24
Evaluate 49 + (1 + (-1 - 0) - (47 - (56 - 3))).
55
(3 - 14) + 23 - (-2 + 5)
9
43 + 1 + -675 + 668
37
-1 - -47 - -12 - 52
6
What is the value of 11 + (1 - 1) + (-8 - -11)?
14
(-25 - -69 - 67) + -14
-37
What is 33 - (56 - (86 + -47))?
16
Calculate -3 - (-8 + -1 + 44 + -16 + 15).
-37
Evaluate (-87 - (114 - 132)) + 3.
-66
What is the value of -13 + -4 + 11 + -7 + -13 + 11?
-15
What is the value of (20 - (16 + -15 - -38) - -42) + (3 - 1)?
25
32 - 51 - -54 - 59
-24
-9 + 1 - (-144 - -145) - (0 + -65)
56
Evaluate -5 + -60 + (8 - -8).
-49
-91 - (-92 + 95 + -20)
-74
What is the value of 39 + (-60 - (4 - 64))?
39
Calculate (-3 + 2 - (6 - (-11 - -22)) - 3) + 5.
6
What is -10 - -7 - (24 + -41 + 18)?
-4
Evaluate -1 + 5 + (17 + -30 - 15) + -14.
-38
4 + 2 + -38 + 18
-14
What is the value of -1 + -33 - (-1057 - -1048)?
-25
What is (217 - 226) + -30 + -3?
-42
What is -12 + (5 - 9) - (50 + -41 - 11)?
-14
Evaluate -8 + (14 - (48 + -10)) - (-10 + (17 - 6)).
-33
What is -1 + -1 - (-457 - -451) - (-10 - (-41 + -7))?
-34
Evaluate (-19 - -1) + (-48 - -90 - 62).
-38
Evaluate (-30 - (-6 + 9)) + -14 + (16 - 8 - -2).
-37
-68 - (-46 + 37 + -49)
-10
What is -10 + (-24 - -15 - (-19 + -3) - -46)?
49
(-378 + 384 - (-3 - -12)) + (-11 - 0) + 4
-10
What is the value of (-7 - -4) + -1 - (5 + (-9 - -11) - 1)?
-10
What is the value of 13 + -6 + (-133 - -124)?
-2
Calculate -74 + (0 + 5 - (-72 + (54 - -21))).
-72
8 - (88 - 82 - -58)
-56
What is -28 - (60 + -69 + 27)?
-46
What is the value of (3 - 4) + 20 - (-1424 - -1453)?
-10
Evaluate (0 - (-31 - (-39 + -24))) + 14 + -1.
-19
Evaluate -37 + (47 - 3) - (4 + -10 + 4 + 69).
-60
Evaluate (-5 - -13) + (-61 - (-8 + (44 - 15) + -12)).
-62
Evaluate 55 + -56 + 5 + 12 + -15.
1
What is the value of 12 + -107 + -41 + 125?
-11
Evaluate (0 - 38 - 3) + -21 + 36 + -18 + 9.
-35
What is (-7 - -45) + -20 - (45 - -3)?
-30
What is -1 - (-109 - -93 - -60)?
-45
Calculate 51 + 111 + -44 + -32.
86
Evaluate 19 - ((-20 + 10 - (-42 - 11)) + 20).
-44
Evaluate (-121 - (-45 + -35)) + (4 - 0 - 0).
-37
Evaluate -45 + 0 + 55 + -146 + 81.
-55
What is (32 - 242) + 207 + (2 - (-2 - -15))?
-14
Evaluate (-5 + 0 - 0) + 0 - (-17 - (-14 - -100)).
98
What is the value of -119 + -1 - (668 - 640)?
-148
Calculate -93 + 28 + (71 - 34).
-28
23 + 33 + -39 - (12 + -1 - 109)
115
What is the value of -14 + 129 + -15 + -17 - (-2 + 18)?
67
2 + (17 + -2 - (0 + (19 - 12)))
10
Evaluate 54 - (112 - -8 - 53).
-13
What is the value of 3 + 5 + 47 - (-6 + (0 - (-12 + -1)))?
48
Evaluate (0 - 4) + (191 + -181 - (4 - -44)).
-42
Evaluate -69 + 86 + (-1 - -58) + (-4 - 0) + 0.
70
Evaluate -291 - -304 - (-4 + (89 - -4 - 1)).
-75
Calculate (62 + -13 - 78) + -3.
-32
Evaluate 4835 + -4823 - (28 + 2 + -5).
-13
Evaluate -30 + 5 + -3 + (-8 - -7) + (45 - 55).
-39
Evaluate -31 + (30 - -4) + 5 - (0 - 37).
45
What is the value of (113 - 1) + 440 + -488?
64
-83 + 104 + 1 + 2 + 7 + -2
29
Calculate (-6 - (-3 + 1) - (12 - 33 - -19)) + 6.
4
What is 63 + -104 + 101 + -17?
43
What is the value of (-3 - 4) + (-808 - -829)?
14
Evaluate (26 - (10 - (14 - 9))) + (-1 - 12) + 4.
12
What is -10 + (-1 + 2 - 32) + -6 - (-5 + 1)?
-43
What is the value of -615 + 594 + (-3 - 0 - (17 + -20))?
-21
(64 + -110 - 27) + 39
-34
Calculate 257 + -125 - -135 - 114.
153
What is 114 + (133 - 65) + -190?
-8
82 - ((61 - 48) + (-11 - -10))
70
Evaluate -80 + 64 - 80 - -72.
-24
Calculate -6 - (6 + -2) - (-4 - (33 + -15 + -13)).
-1
What is the value of (-6 - -1) + 22 + -26 + -2?
-11
Calculate (1 - -66 - 48) + 0.
19
Evaluate 76 - -3 - (-1 - -28 - (-819 + 831)).
64
Calculate (-2 - -22) + -2 - (65 + -12 - -38).
-73
100 + (-35 - 84) + 0 + -22
-41
Evaluate -11 - ((-1 - (5 + -18)) + -95).
72
-13 + -16 + (-2 - -74)
43
What is the value of 14 + 15 + 7 + -6 + -9?
21
What is the value of -16 + (14 - (9 - (-9 + -2)))?
-22
(0 - (3 + -2) - (61 + -54 + 5)) + 113
100
What is the value of -33 + -40 + 22 + 4 + -16 + 19?
-44
-65 + (-26 - -56) + -21 + 8 + -2
-50
Calculate 21 - (-24 + 10 - (5 - 9)).
31
Calculate (-67 - 0 - (-1245 + 1253)) + 19.
-56
What is the value of 54 + -9 + -5 + 24?
64
What is the value of (8065 - 8059) + (1 - 36)?
-29
(-26 - (18 - (11 + 11))) + 47 + -8 + -1
16
-15 - (12 + (33 - 115) + 44)
11
What is -47 + 21 + 68 + -4 + 28?
66
Calculate 30 + 9 + 8 + -45.
2
Calculate -92 - (6 - 4) - (17 - 34 - -5).
-82
Calculate (12 + -12 - -36) + -5.
31
-74 - (9 + (-32 - 4) + 50)
-97
Evaluate (-38 + 97 - 41) + -23.
-5
Calculate (-131 - -34 - -11) + 43.
-43
What is (14 + -12 - 1) + (145 - (-4 - -13 - -7))?
130
Calculate (6 + -113 - (-11 - 2)) + 11 - -8.
-75
What is 727 + -707 - (27 + (-1 - 0))?
-6
What is 7 + -13 + 3 + 14 + 25?
36
-5 - -64 - (36 + (-7 - 4) + -21)
55
Calculate -61 - (76 + 95 + -202).
-30
What is the value of -56 + 15 + 32 + -20 + -38?
-67
(-25 - 9) + 58 + (0 - -12) - 13
23
What is the value of (1026 - 1011) + 16 + 4 + -7 + 2?
30
Evaluate 11 + (58 - 73) + (-9 - (-1 + 2)).
-14
41 + -37 + 35 + -6
33
Calculate -43 + (37 - (44 + -45)).
-5
Calculate (-69 + 35 - -16) + 3 + -1.
-16
Calculate 57 + -70 + 83 + -97.
-27
Evaluate 1 + -16 - (-158 - -148) - (-7 + 0 + 2).
0
What is (-7 + (22 - (-19 + 34)) - 11) + (86 - -1)?
76
Evaluate (39 - 13) + -46 - -5.
-15
Evaluate (0 - -11) + (150 - 163) - -12.
10
Evaluate 17 + 1 + (-19 - -30).
29
(-36 - -67) + 8 - (1 + -1 + 2)
37
243 - 251 - (2 + -3 - 40)
33
-51 - ((-38 - 143) + 84)
46
What is -626 - -625 - (37 - 1)?
-37
Evaluate 39 - (-56 - (-46 + 44)).
93
What is the value of -304 + (359 - 66) + (-59 - 1)?
-71
Evaluate (98 - (-75 - -102)) + -29.
42
What is the value of (22 - 5) + (-46 - (-6 - -18)) + -8?
-49
What is -4 - -8 - -13 - ((-9 - (-8 - 11)) + -7)?
14
What is the value of -2 + -1 - (14 + -34 + 27 - -10)?
-20
What is the value of -1 - 34 - (-19 + 162 + -121)?
-57
What is the value of -90 + (-5 - (-5 - 4)) + -73 + 88 + -17?
-88
Calculate 46 + 13 - 10 - -9 - (-2 - -1 - -8).
51
What is the value of 94 - (67 + (75 - 18))?
-30
What is -8 + -15 + -18 + 54 + (3 - (-36 + 4))?
48
Evaluate (-107 - (12 - 9) - -22) + 25.
-63
Evaluate 2 + -26 + (12 - (1 - -20)) + (-1 - 1).
-35
-161 + (49 - 36 - -52)
-96
9 + -174 + (116 - (61 + 11))
-121
What is -20 + 38 + -22 + -13 - 9?
-26
Evaluate (59 - 10) + -162 - -48.
-65
27 + (10 - 47 - 2)
-12
What is the value of -134 - -148 - (0 - 1 - -6) - 33?
-24
Evaluate -97 + 3 + (1789 - 1598).
97
What is -21 - (14 + 0 + 2)?
-37
Evaluate -6 - 11 - (291 + -326).
18
What is -1 + 268 - (15353 + -15230)?
144
What is 94 - (32 - 22 - 5)?
89
Calculate 77 + (41 - (52 - -25)).
41
(0 - -3) + (147 - 105) - 10
35
Calculate 32 + -49 - (-28 - 3) - (11 - 3).
6
Calculate 60 - (-7 - (-31 - (27 + -51))).
60
(2 - 84) + (-16 - (-26 + (8 - 14)))
-66
Evaluate -542 + 482 + (34 - 63).
-89
-6 + (41 - 52 - (-3 + -10)) + 14
10
Calculate -104 + 122 - (-32 - -107).
-57
What is the value of -73 + (9 - (-114 - -139))?
-89
Evaluate (12 - -1) + (22 - -25) + 14 + -30.
44
What is -7 + 22 + -5 - 10 - (2 - (-27 + -2))?
-31
Calculate 49 + (0 + -1 + 1 - (261 - 247)).
35
What is the value of -67 + (165 - 177 - (-6 - 33))?
-40
What is the value of (8 - 27) + 19 - (35 + (-3 - (-5 - -6)))?
-31
-38 + -83 + 128 - (1 - -45)
-39
Calculate (-69 - -74) + (-7 - -8 - (55 - -1)) - 12.
-62
What is the value of 5 - (8 + -9) - (-40 + (19 - 10))?
37
11 + -17 + 17 - (-3 - 15)
29
What is the value of -5 + 30 + 9 - (-8 - (2 + 4))?
48
What is 1709 + -1654 - (-2 - 21)?
78
What is (-3 + 0 - (-31 + 24)) + -3 - 13?
-12
What is -14 + -19 + (-14 - (-43 + 17)) + -14?
-35
What is 11 + -3 + -6 - (-4 - -7 - (-2 - -7))?
4
Calculate -19 + 9 + (44 + -49 - (-19 + 1)) + 24.
27
Evaluate -35 - -76 - (32 